 z be (-880 - -1)*1/(-3). Suppose -4*k = -z - l. What is the tens digit of k?
8
Let y = -15 - -10. Let l(c) = 20*c - 9*c + 20 - 9*c. What is the units digit of l(y)?
0
Let y = -21649 + 31013. What is the hundreds digit of y?
3
Let d(b) = b + 1. Let a be d(-1). Suppose 0 = -x + 2*o + 393, a*o + o = 4*x - 1537. What is the units digit of x?
3
Suppose -4*f - 40616 = -5*m + 71692, -112323 = -5*m - f. What is the tens digit of m?
6
Let h = 2 - 1. Let f = -437 + 432. What is the tens digit of (f - (h + -4)) + 72?
7
Suppose -x + 242 = -5*c, 3*c = -3*x + 4*x - 246. Let d be 812/x + 2/(-9). Suppose 2*o + 234 = 6*o - 5*h, -2*h - 172 = -d*o. What is the units digit of o?
6
Suppose n = 5*i - 601, 0*i + 2*n - 118 = -i. Let c = 122 - i. Suppose 0 = -6*d + c*d + 112. What is the tens digit of d?
2
Let o = -169 + 837. Suppose -338 = -20*v + 162. Suppose -3*t = -o - v. What is the hundreds digit of t?
2
What is the ten thousands digit of (23/(-161)*-14)/(2*1/20201)?
2
Let c = 9569 - 7727. What is the hundreds digit of c?
8
Suppose 2*l = -l - q + 462, -3*l = 5*q - 462. Suppose 6*u - 9*u = -12, 0 = -y + 2*u + l. What is the hundreds digit of y?
1
Suppose -5*g + 5*m + 6 = 11, -14 = -2*g - 2*m. Suppose a = 4*j + 943, -g*a - 3*j - 564 + 3438 = 0. What is the hundreds digit of a?
9
Let d be 30/(-30) + (97*3 - -2). What is the units digit of -2 - (0 + 6 - d)?
4
Suppose -3462 = -6*d + 2304. What is the hundreds digit of 240/96*(d/5 - 1)?
4
Suppose -107 = -b + 2*t, 3*b - 7*t - 356 = -8*t. Let z = 146 - b. What is the tens digit of z?
2
Let n(q) = 43*q**3 + 2*q**2 - 19*q + 9. What is the units digit of n(6)?
5
Let c(n) = 4*n**3 - 15*n**2 - 2*n + 9. Let b(v) = 2*v**3 - 7*v**2 - v + 4. Let g(u) = 9*b(u) - 4*c(u). Let p be g(-1). What is the tens digit of -6*(30 + 2)/p?
4
Suppose -982*u - 4251 = -995*u. What is the hundreds digit of u?
3
Suppose -30637 - 13715 = 22*n. What is the hundreds digit of n/(-6) + (-2)/2?
3
Suppose 2 = 5*w + 32. Let j(g) = -11*g - 49. Let t(l) = 11*l + 47. Let r(y) = w*t(y) - 5*j(y). What is the units digit of r(-12)?
5
Let b(r) = -r**2 + 38*r - 69. Let o be b(36). Suppose -o*z + 2681 = -2116. What is the hundreds digit of z?
5
Suppose 4*r = -k - 7, 3*k - 3*r - 23 - 1 = 0. Suppose -269 = -h + k*j, 6*h - 2*j = 5*h + 260. What is the tens digit of h?
5
Let w(d) = 11362*d**2 + 126*d - 272. What is the ten thousands digit of w(2)?
4
Let d(b) = 5*b**2 - b. Let c be d(-1). Suppose 0 = 10*y - c*y - 248. What is the units digit of y?
2
Suppose -130*o - 5981660 = -374*o. What is the thousands digit of o?
4
Let l be (1 - (-3 - -24))/(1/(-4)). Suppose 4*p + 12*p = l. Suppose 15 = -p*r, 5*r = -5*a + 2*r + 1266. What is the units digit of a?
5
Let w(v) = -v**2 + v. Let k be w(2). Let h(o) = -17*o**3 - 3*o**2 - o + 1. Let m be h(k). Let n = m + -47. What is the tens digit of n?
8
Let r(s) = 2*s**3 + 4*s**2 - 9*s + 8. Let h be r(4). Let j = 24 - 84. Let f = h + j. What is the hundreds digit of f?
1
Suppose 2*p + 56 = f, 3*p + 42 = 2*p + 4*f. Let k(z) = -z**3 - 27*z**2 - 35*z + 29. What is the hundreds digit of k(p)?
2
Let j(n) be the first derivative of n**3/3 - 13*n**2 + 114*n + 136. What is the units digit of j(22)?
6
Suppose 21 = -w - 2*w. What is the units digit of 413 - 1/(w/(-14))?
1
Let g(s) = s**3 + 20*s**2 - 18*s + 63. Let a be g(-21). Suppose a = 2*n - 992 - 866. What is the units digit of n?
9
Suppose 0 = -2*d + 4*v + 40882 + 123330, -4*d + 2*v + 328418 = 0. What is the hundreds digit of d?
1
Let u(k) = -3*k + 1. Let q(o) = -32*o + 54. Let x(a) = q(a) - 3*u(a). What is the units digit of x(-5)?
6
Suppose -11 = 12*y - 35. What is the units digit of 213 + (y - -1) + 0 + -3?
3
Suppose -1347 = -14*g + 823. Suppose -d - 45 = -f, -15*f + 2*d - g = -18*f. What is the tens digit of f?
4
Suppose 13 = 2*n + 9. Suppose -c + 0*s - n*s = -327, 672 = 2*c - 2*s. What is the hundreds digit of c?
3
Let r(z) = -1203*z + 322. What is the hundreds digit of r(-4)?
1
Let r(o) = -100*o + 1. Let a be r(-4). Suppose 0 = 5*b - 3*i + a, -5*i + 151 - 2 = -2*b. Let x = 168 + b. What is the units digit of x?
6
What is the tens digit of 5*(-9 - -8) + (-8 - -1441)?
2
Let h = 146466 - 103604. What is the units digit of h?
2
Let q(u) = u**2 - 2*u - 27. Let w be q(8). Suppose w*k - 1260 = 19*k. What is the hundreds digit of k?
6
Let d(h) = h**2 - 12*h + 11. Let j be d(11). Suppose j*f - 4*f = u - 65, 373 = 5*u - 4*f. Suppose u = 3*r - 62. What is the tens digit of r?
4
Suppose 188188 = 4*v + 4*c - 0*c, -5*c + 35 = 0. What is the units digit of v?
0
Let s(r) = 542*r - 1399. What is the hundreds digit of s(6)?
8
Let j = 641 - 581. Suppose 37404 = -24*n + j*n. What is the units digit of n?
9
Let q be -6 + (-5 - -7)*132. What is the units digit of (1010/(-15))/(q/(-63) - -4)?
7
Let f(z) = z**3 - 7*z**2 + 9*z - 2. Let d = 117 + -69. Let g be (-14)/(-3) - d/(-36). What is the tens digit of f(g)?
1
Let w be (7/3 - 1)/(16/4920). Let x = w + -287. What is the tens digit of x?
2
Let c(s) = 4*s**2 - 71*s + 64. What is the units digit of c(23)?
7
Let v = 24211 + -14395. What is the hundreds digit of v?
8
What is the ten thousands digit of ((-35818)/6)/((-2)/6) - 8?
1
Let j = 353 - 345. Suppose -j*h = -46 + 6. What is the units digit of h?
5
Let u(z) = 71*z**2 + 32*z + 105. What is the hundreds digit of u(-3)?
6
Let q(v) = v**2 - 9*v - 3. Let t be q(9). What is the units digit of (450 - -4) + t/1?
1
Suppose 0 = -a + 4*j - j + 70, 0 = a - 5*j - 70. Let q = a - 67. Suppose 4*d = 2*m + 370, -87 = q*d - 4*d - 5*m. What is the tens digit of d?
9
Let r = 15108 + 11796. What is the ten thousands digit of r?
2
Suppose 10 = 2*o, 4*t - 44*o = -49*o + 2461. What is the hundreds digit of 57/57*(t - 0)?
6
Suppose -2*m - r - 8 = 0, m + 3*r = 4*m + 3. Let u(l) = -20*l - 18. What is the units digit of u(m)?
2
Let u(b) = 18*b - 19*b + 6 + 11. Let q be u(14). What is the tens digit of 1*189 - 2 - q?
8
Let q = 1825 - -4302. What is the hundreds digit of q?
1
Let a = 19162 + -18816. What is the units digit of a?
6
Suppose -2*q + 3*q = -i, 0 = -3*i - 4*q - 5. Suppose 2*b - 4*s - 360 = 0, 139 - 1011 = -i*b - 4*s. What is the tens digit of b?
7
Let m = -210 + 213. Suppose -1313 = -4*q - 2*h + 21, m = 3*h. What is the hundreds digit of q?
3
Let l(x) be the first derivative of -x**4/2 - 65*x**3/3 - 16*x**2 + 16*x - 12. What is the units digit of l(-32)?
6
Suppose 348*w - 17*w = 8966128. What is the ten thousands digit of w?
2
Suppose 15*s - 816 = 7*s. Let o = 272 - s. What is the hundreds digit of o?
1
Let l be 9/15*(-10)/(-12)*8. Suppose l*a - 848 = 4*d + 480, 4*d = -a + 312. What is the units digit of a?
8
Let o be 2/(-5)*(-11987 - 23). What is the tens digit of (-1)/((16/o)/4)*-1?
0
What is the units digit of ((-232)/(-29))/(3360/1679 - 2)?
6
Let v(n) = -n**3 + 3*n**2 - 16*n - 23. What is the hundreds digit of v(-11)?
8
Suppose 4407 = 3*m + 5*r, -2*m - 2922 = -4*m + 2*r. Suppose 8*j - 2*j = m. What is the tens digit of j?
4
Let q = -1239 - -38. Let k = -90 - q. What is the thousands digit of k?
1
Suppose 52*w = 57*w - 3*q - 34598, 5*q = 4*w - 27668. What is the tens digit of w?
2
Suppose -3*z + 577 = 4*n - 2*z, 10 = 2*z. Let b = -109 + n. What is the tens digit of b?
3
Suppose 3 = 11*q + 3. Suppose -b = -q*b - 5*i - 147, -5*b + 807 = -i. What is the tens digit of b?
6
Suppose w + 69 = -84. Let i be -262 + (0 - (1 + (-4 - -4))). Let p = w - i. What is the hundreds digit of p?
1
Let r be (6/2 + 44/(-11))*3. Let y be (10/r)/(4/(-6)). Suppose p - 78 = -2*k, -y*k = -7*k - 2*p + 82. What is the tens digit of k?
3
Let z be 8*2/4 + 2. Suppose -w - 3 + z = 0. Suppose -x - 57 = -2*x - 3*v, -w*x + 171 = 4*v. What is the units digit of x?
7
Let b(g) = -g**3 - 43*g**2 + 1022*g - 110. What is the thousands digit of b(-65)?
6
Suppose -f = s + 2*f + 70, 3*f + 155 = -2*s. Suppose -4*u - 252 - 168 = 0. Let h = s - u. What is the units digit of h?
0
Let i be 0 + (5/(-2))/((-3)/6). Suppose 5*m = 4*m + 3, -3*m + 3749 = i*o. What is the units digit of o?
8
Let b(m) = -m**2 - 8*m + 4. Let y be b(-6). Suppose 0 = -4*k + y, 26*k - 27*k + 134 = 5*u. What is the tens digit of u?
2
Let i = -4680 - -5954. What is the hundreds digit of i?
2
Suppose -78 = -2*n + 3*k, 0*n - 103 = -3*n + k. What is the units digit of -3 + 7/(21/n)?
8
Suppose -17*d